 number?
True
Let y = -74 - -81. Suppose 3*v + y*v - 38590 = 0. Is v composite?
True
Let i = -15161 + 30820. Is i a prime number?
False
Let a = -26 - -48. Let d be 17/119 + (-2784)/(-14). Suppose -p + d = a. Is p a prime number?
False
Let a(r) = r**2 - 51*r + 37. Is a(-26) a composite number?
False
Suppose 3*c + 4 = 4*c, v + 3*c + 2 = 0. Let m = -13 - v. Let k(o) = 390*o**3 - o**2 + o - 1. Is k(m) a composite number?
False
Let x(p) = 26*p**3 + 6*p**2 + 41*p - 178. Is x(5) a composite number?
True
Suppose 12*v - 1313979 = -327999. Is v composite?
True
Suppose 7*g - 70 = 5*g. Suppose -4*a - 63 = j, -g - 58 = 4*a - 5*j. Let t = 56 + a. Is t prime?
False
Let n = 653 + -354. Is n prime?
False
Is (-76)/(-171) + 11026/18 a prime number?
True
Suppose -2*j - 2*x + 1117 = 361, -2 = -2*x. Is j prime?
False
Is 2471 - (-1 - (-5)/(-5)) prime?
True
Is 18/81 + 162488/72 a prime number?
False
Let x be 926 - 2/((-4)/(-6)). Suppose -290 + x = 3*p. Is p a composite number?
False
Suppose -2*s - s = -12. Suppose n - s*i = -18, 5*n + 48 = -i - 0*i. Let r(m) = m**2 + 7*m + 3. Is r(n) a composite number?
True
Suppose 4*z + 3*m = 230636, -4*m = -0*z - 5*z + 288295. Is z composite?
True
Let u = 2205 - 1516. Is u prime?
False
Let g = -7821 - -18838. Is g a composite number?
True
Let z be (8/12)/(8/60). Suppose 0*g + 15 = z*g. Suppose -7*r + 3*r + 1549 = 5*a, g*r = -4*a + 1161. Is r a prime number?
False
Let p be 32*2*12/(-32). Let n = p + 37. Suppose 5*u - 3*k - 47 = k, -u = -2*k - n. Is u prime?
True
Let z(i) = -25*i**2 + 2*i. Let b(s) = 26*s**2 - s - 1. Let u(q) = q - 7. Let r be u(10). Let m(x) = r*z(x) + 4*b(x). Is m(3) a composite number?
False
Let c = 12 - 21. Let y(b) = -b**3 - 8*b**2 + 9*b + 8. Let u be y(c). Suppose 3*q - 26 = o, -3*o - o + u = 4*q. Is q composite?
False
Suppose -12740 = -9*l + 7339. Is l a composite number?
True
Suppose 3*d + 13769 - 44166 = -2*w, 0 = -5*w + d + 76018. Is w a prime number?
False
Is (-2)/((-8)/(-560870)*(-30)/12) composite?
False
Let v(j) = -j**2 - 8*j. Let d be v(-8). Is (6618/(-12) + -3)*(-2 + d) a composite number?
False
Suppose 1193 = p + d, 2*p + 5959 = 7*p + 3*d. Let m = p - -407. Is m composite?
False
Let w(n) = 8019*n + 247. Is w(8) a composite number?
False
Suppose 2*b = -b. Let i(t) = 2*t**3 + t + 82. Is i(b) a composite number?
True
Suppose 0 = -38*y + 48*y - 64690. Is y composite?
False
Let c be (-5)/((-25)/17045)*-1. Let f = c - -5142. Is f a prime number?
True
Is -175777*3/(-42)*2 a prime number?
True
Let c(k) = -2*k**3 - 40*k**2 - 19*k - 21. Is c(-22) composite?
False
Suppose -o + 28 = -3*o. Let j = o - -18. Let z(g) = 31*g**2 - 2*g + 5. Is z(j) prime?
False
Suppose 9*p - 77 - 49 = 0. Suppose -p*n = -11*n - 1731. Is n a prime number?
True
Suppose -4*w - 880077 = -37*w. Is w prime?
True
Let v(a) be the second derivative of 29*a**3/6 + a**2 + a. Let x be v(-3). Let o = x - -122. Is o a prime number?
True
Let k(h) be the third derivative of h**6/120 - h**5/60 - h**4/24 + 59*h**3/6 - 12*h**2. Is k(0) prime?
True
Let z = 3347 + 2354. Is z prime?
True
Let i be ((-36)/15)/1*1350. Let k = i + 1910. Let j = 1911 + k. Is j a prime number?
False
Let p be (0 + -3)/(((-9)/5)/3). Suppose p*j + 2*j = 2359. Is j a prime number?
True
Suppose 4*w - 4 - 16 = 0, 2 = s - 2*w. Suppose -l + 50 + s = 0. Is 153/18*1*l a prime number?
False
Let z = -8 + -2. Let n = z - -15. Suppose -n*g = -2*g - 879. Is g prime?
True
Let u = 32238 - 16397. Suppose 5*p = -4826 + u. Is p composite?
False
Let x(c) = -c**3 - 8*c**2 + 4*c - 3. Let j be x(-7). Let i = j + 349. Is i a composite number?
False
Let s = 47627 + -29542. Is s a prime number?
False
Let z be (((-8595)/(-12))/5)/(15/520). Suppose -13 = 5*k + 7. Is (6/k)/((-39)/z) composite?
False
Let a = 3 + 3. Let s be (5 + (-39)/15)*50/(-4). Is ((-4)/a)/(s/28575) prime?
False
Is (7/((-63)/27))/(3/(-19121)) a prime number?
True
Let r(j) = 31*j**2 + 7*j - 2. Let w be r(-8). Let l = w - 667. Is l prime?
True
Let p = 45 - 42. Suppose -5*w = -3*w - p*o - 820, 3*w - 5*o - 1231 = 0. Is w prime?
False
Let s be (-1)/(1/(-211))*-1. Let o(v) = 44*v**3 + 2*v**2 - 2*v - 2. Let k be o(2). Let n = s + k. Is n composite?
True
Suppose 5*a + 16 + 19 = 0. Let j(g) = -g - 3. Let v be j(a). Suppose 0 = -v*r - 0*r + 132. Is r a composite number?
True
Let a(n) = -13*n**3 + 3*n**2 - n. Let t(w) = w - 16. Let g be t(13). Is a(g) prime?
False
Let b = -1348 + 3235. Suppose d - 5*g - 445 = 184, -3*d + 2*g = -b. Is d prime?
False
Let o = 22183 - 2766. Is o prime?
True
Let q(u) = 4*u**3 - 13*u**2 + 77*u - 18. Is q(8) a composite number?
True
Suppose q + 4*l - 2329 = 0, 5*q - 2*l - 7502 = 4033. Is q composite?
False
Suppose -2*a + 6*k - 2*k = -252, -2*k = -5*a + 614. Suppose m - 185 = a. Is m composite?
False
Suppose -24*x + 22*x = -10. Is -14*((-580)/8)/x a composite number?
True
Is (-6392)/(-15) + -4 + (-2)/15 prime?
False
Suppose -20*m + 4425 = -17*m. Suppose 4*l - 3*l - m = 0. Suppose 2*p - l = -3*p. Is p composite?
True
Suppose -4*v + p = 3623, -2*v + 3*p + 2*p = 1807. Let b be (3/2)/(3/(-7256)). Is 2/(b/v - 4) a composite number?
True
Suppose -5*q = 5*h - 10, -3*q - 5 = -4*h + 3. Is h*2/12*(144 - -30) composite?
True
Suppose 10779 + 6785 = 4*n. Is n a prime number?
True
Suppose -5*r = -31 - 54. Let z = -14 + r. Suppose 8*h - 445 = z*h. Is h prime?
True
Let s(j) = 2018*j**2 - 3. Is s(3) composite?
True
Suppose 5*c - 2*c - 12 = 0. Suppose -c*w + 1535 = w. Is w a composite number?
False
Let t = -386 + 616. Suppose 5*p - t = 725. Is p composite?
False
Suppose -142 = -2*n - 5*c + 36, 5*n = -2*c + 424. Suppose 5*b + n + 109 = 2*m, -m = 3*b - 91. Is m a prime number?
False
Suppose s + 2 = 5. Suppose -2*a - s*a = -265. Is a a prime number?
True
Suppose -4*f - 29 = -5. Let r be (123/(-2))/(f/128). Suppose y + r = 5*y - 4*b, 0 = -4*b + 12. Is y a composite number?
False
Is 16 + -18 + (2460 - -1 - 0) a prime number?
True
Is ((-2778)/(-4))/(6 - (-45)/(-10)) a prime number?
True
Is -13*(3 + -34) + (-12)/6 a prime number?
True
Let l(h) = -h**2 + 12*h - 31. Let y be l(7). Suppose -8057 = -y*m - 2453. Is m composite?
True
Let h(w) = 9*w + 7. Let m be h(-3). Let p = m + 20. Suppose 5*a + 0*a - 1465 = p. Is a a prime number?
True
Is ((-34)/3)/((-6)/3303) a prime number?
False
Let r(m) = -36*m**2 - 16*m + 8. Let j(f) = 24*f**2 + 11*f - 5. Let c(x) = -7*j(x) - 5*r(x). Is c(8) prime?
True
Let a = 1 - -10. Let x(l) = -l + 48. Is x(a) composite?
False
Suppose 4*d + 136 = -2*l - 2*l, 2*d + 66 = -4*l. Let y(z) = z**2 + 4*z - 42. Let w be y(-12). Let f = w - d. Is f a composite number?
False
Let c(x) = x**3 + 64*x**2 + 76*x + 481. Is c(-59) a prime number?
False
Suppose 1275 = 2*n + 3*n. Suppose 3*q - 4*o - n = -0*q, 4*q - 3*o = 347. Let p = q + -7. Is p a composite number?
True
Let f(x) = -x**3 - 18*x**2 + x + 20. Let u be f(-18). Let p(j) = 2*j**2 + 10 - 5*j - u*j**2 + 14*j + 6*j**2. Is p(-5) a composite number?
True
Let f be (-21)/7*8/(-6). Suppose 5*r = f*w - 1310, -3*r = -w + 3*w + 786. Let d = r - -453. Is d a prime number?
True
Let c(m) = -m**2 + 19*m - 11. Suppose 4*v = 5*l - 12 + 74, -l = -v + 15. Is c(v) composite?
False
Let k = -113 - -419. Let g = -147 + k. Is g composite?
True
Let c(x) = -129*x + 92. Is c(-3) a prime number?
True
Suppose 5*j = 5*q + 5, 0 = -4*q - 4*j + 7 - 43. Let a(v) = -27*v. Let z be a(q). Let l = z + -56. Is l prime?
True
Let n(s) = 2*s - 4. Let g(l) = -3*l + 3. Let w(i) = 5*g(i) + 6*n(i). Let f be w(-10). Is ((-413)/f)/(1/(-21)) a composite number?
True
Suppose 3*w - 9487 = -2*p, w + 4*p = 3*p + 3162. Is w a composite number?
False
Suppose 4*w - 13 - 3 = 0. Suppose 0 = -0*c + 3*c - 1410. Suppose 2*m + c = w*m. Is m a composite number?
True
Suppose -4*g + 4919 = -1221. Suppose -3*u = -2*u - g. Is u a prime number?
False
Suppose 4*j - 2*a - 886 = -6054, 3*j + 2*a + 3876 = 0. Let z = j - -522. Is 3/9 + z/(-3) prime?
True
Suppose -a = -2*l - 733 + 246, -5*l + 1948 = 4*a. Is a a prime number?
True
Let f be (-4)/10*120/(-16). Let b(s) = 2*s - 10. Let l be b(7). Suppose -f = 3*o, 9 = l*x - 3*x + 4*o. Is x prime?
True
Let p(b) = -22*b**3 + 8*b**2 + 8*b + 59. Is p(-8) composite?
True
Let b = 1582 + -1103. Is b a prime number?
True
Let d be (9/2)/((-3)/(-5 - 1)). Suppose d*h = 12*h - 633. Is h a prime number?
True
Let l be 